(0). Suppose h = 3*y - 2. What is the greatest common factor of 7 and y?
7
Let h = 30 + -3. What is the highest common divisor of 3 and h?
3
Suppose 8 = 2*n + 26. Let d be 1*0/(n/3). Let l be 14 - (d - -2*1). What is the greatest common factor of 108 and l?
12
Let u be 8 + 6 + (-1 - 3). What is the highest common divisor of u and 5?
5
Suppose -3*n + 2*d - d = -65, 4*n - 5*d = 83. Calculate the greatest common divisor of 176 and n.
22
Suppose 4*r + 7 = -1. Let o be ((-1 - -4) + -2)*1. Let k be (1 - r)/(o - 0). What is the greatest common factor of 6 and k?
3
Let k = -65 + 125. Suppose -f - 4*f = -30. Let z(d) = -d**3 + 7*d**2 - 4*d + 8. Let u be z(f). Calculate the greatest common factor of k and u.
20
Let p = 9 - 4. Suppose -p*m - 10 = -80. Calculate the greatest common divisor of m and 154.
14
Suppose 3*i + 5*z = -9, -2*i + 16 = -0*i - 4*z. Suppose -3*b + 5*w = -269, -3*w = 2*b - i*w - 175. What is the greatest common factor of b and 8?
8
Suppose 9*d - 65 - 133 = 0. Calculate the highest common divisor of 110 and d.
22
Let w = 79 - 31. What is the greatest common factor of w and 32?
16
Suppose -4*y = 3*p - 93, -4 = -2*y + 2. Calculate the greatest common factor of p and 297.
27
Let c be 6*(31/2 + -2). Let a be 38/9 + (-18)/c. What is the greatest common factor of 28 and a?
4
Suppose 0 = -3*a + 371 + 91. What is the greatest common divisor of 14 and a?
14
Let k be (1 - 11)/(2/(-4)). What is the greatest common divisor of k and 10?
10
Suppose -5*a + 1000 = 2*p, 3*a - a = -4*p + 400. Let f be ((-20)/(-8))/((-2)/(-20)). What is the highest common divisor of a and f?
25
Let r(i) = 6*i**2 + 10*i + 9. Let t be r(-6). Calculate the greatest common divisor of 33 and t.
33
Let o = -54 + 153. Let h(v) = -4*v - 5. Let p be h(-4). What is the greatest common divisor of p and o?
11
Let r = 33 - 24. What is the greatest common factor of 18 and r?
9
Suppose -4*n + 3*n = -88. Suppose -5*g = -n + 8. Let i = -2 - -26. What is the greatest common factor of i and g?
8
Let w(f) = 9*f**3 + 2*f + 1. Let j be w(-1). Let k = 26 + j. Suppose 5*g + 2*c = -2*c + 20, 0 = -2*g - 5*c - 9. Calculate the highest common factor of k and g.
8
Suppose -7*f = -2*f - 100. Let p = 48 - -65. Let j = -73 + p. What is the greatest common divisor of f and j?
20
Suppose -5*o + 128 = -3*v, v - 35 = -2*o + 14. Let f be (0 - (-2)/2) + 1. Let q be (2 - (-6)/f)/1. What is the highest common factor of o and q?
5
Suppose 0 = -81*i + 75*i + 102. What is the greatest common factor of i and 119?
17
Suppose -3*p - 45 = -8*p. Let t(q) = q**2 + 3*q - 9. Let b be t(-5). What is the greatest common factor of b and p?
1
Let f = -1 + 6. Suppose 0 = -3*s - a + 33 + 266, f*s + 3*a - 497 = 0. What is the greatest common divisor of 20 and s?
20
Suppose l + 64 = 4*u - 0*l, 16 = 4*l. Let r = 10749 - 6594. Let f be r/35 - 2/(-7). What is the highest common divisor of u and f?
17
Suppose 3*s = 4*l + 20, 5*l + 21 + 4 = -3*s. Suppose -4*d + 20 = s, 6*d - 279 = -2*q + 3*d. What is the greatest common factor of 12 and q?
12
Suppose -2*s - 24 = -4*s. Suppose -4*b = -5*y + 106 - 21, 5*b = -y - s. Suppose 369 = 4*i - 99. Calculate the greatest common factor of i and y.
13
Let c = 1 + 6. Suppose 3*u - 6 = 6. Suppose -u*n + 22 = -n + 4*v, 5*n - v - 75 = 0. Calculate the greatest common divisor of c and n.
7
Let n(w) = w**2 - 9*w + 8. Let l be n(8). Suppose 66 = -l*s + 2*s. What is the highest common divisor of 22 and s?
11
Let m = 153 + -130. What is the greatest common divisor of 92 and m?
23
Let p be 3*(35 - -1) + -3. What is the highest common divisor of 21 and p?
21
Suppose 0 = 3*b - 5*y - 2 + 4, -3*b - 5*y = -38. Suppose -i + 3*i - 48 = 0. Calculate the highest common factor of b and i.
6
Let v = -36 - -50. Calculate the greatest common divisor of v and 126.
14
Suppose 5*t - 3 - 2 = 0. Suppose 4*g + 2*r - 44 = 0, -2*g - 3*r + 23 = 1. What is the greatest common factor of g and t?
1
Let l = -20 + 13. Let i = l + 10. What is the greatest common factor of i and 3?
3
Let z(p) = 2*p**2 + 3*p - 2. Let a be z(2). Calculate the highest common divisor of a and 4.
4
Suppose 0 = -5*h - w + 6*w + 170, -5*h + 173 = -2*w. Let f be 4/(12/9 + -2). Let l be 4/f*(1 - 22). What is the greatest common divisor of h and l?
7
Suppose 6 = k + 3. Suppose -4*p - k = -99. What is the highest common factor of p and 12?
12
Suppose 4*t = -5*g + 12, 0*t + t = -2*g + 3. Suppose -j = -g*j - 22. Calculate the highest common factor of j and 11.
11
Suppose -l + 3*l + 4*k - 92 = 0, 148 = 3*l - 4*k. Let p be ((-65)/(-15))/((-1)/(-3)) - 1. What is the greatest common factor of p and l?
12
Suppose 5*f - 1641 = -o, 277 = 2*f + 4*o - 365. Let w = -199 + f. Let k = 202 - w. What is the greatest common factor of k and 18?
18
Suppose 15 = 11*p - 10*p. Calculate the greatest common factor of p and 10.
5
Let x(m) = -m - 1. Let n be x(-3). Let s(q) = 8*q + q**2 + 3 + 3 - n*q**2 - 2. Let h be s(4). What is the greatest common divisor of h and 20?
20
Let a = -88 - -136. What is the highest common divisor of a and 16?
16
Let s be (18/5)/((-12)/(-60)). What is the highest common divisor of 54 and s?
18
Suppose 2*a = -5*v - 0*a + 70, 3*a - 28 = -2*v. What is the highest common divisor of v and 154?
14
Let j be 0*(2 - 1) + 13. Suppose x + 4*k - 35 = 0, -2*x - 5*k = -47 - 26. Calculate the greatest common factor of x and j.
13
Let j be (-1 + -3)/2 + 2. Let k be 3 + 1/3*j. Suppose -k*h + 26 = -100. What is the greatest common divisor of h and 28?
14
Suppose 0 = -5*i + 12 - 37, -5*f - 5*i = -5. Let n be (f*2/2)/1. What is the greatest common factor of 66 and n?
6
Suppose 2*k + 3*l = k + 5, 3 = -3*l. Let b = 17 + -12. Suppose b*u - 90 = 70. What is the highest common factor of u and k?
8
Let h(o) = o**2 - 8*o. Let w be h(8). Suppose w = -2*m - 2*m + 20. Suppose -8*z + 75 = -3*z. What is the highest common divisor of m and z?
5
Suppose 0 = 4*b - 1 - 31. Let w(t) be the third derivative of t**5/20 + t**4/12 + 4*t**2. Let u be w(-2). Calculate the greatest common factor of b and u.
8
Let g = 20 + 10. Suppose 101 = 2*b + 11. What is the highest common factor of g and b?
15
Suppose -2*j + 2 = -6. Suppose -j*y = -28 - 52. Calculate the greatest common factor of y and 4.
4
Let h(k) = -k**3 + 10*k**2 + 11*k - 15. Let d be h(11). Let l = -9 - d. Suppose -r + 3*w = l*w - 8, 5*r = 5*w. What is the greatest common factor of 1 and r?
1
Let d(t) be the third derivative of -t**4/24 + 4*t**3/3 - 2*t**2. Let g be d(5). Calculate the highest common factor of g and 3.
3
Suppose 43 = -6*c + 193. Calculate the highest common divisor of 15 and c.
5
Let b = 19 - 5. What is the greatest common divisor of b and 98?
14
Let z be 1/((-1)/4*-2). Suppose 79 = 2*u + q, 0 = -u + 5*q - z*q + 43. Let l be 63/4 - (-3)/12. What is the greatest common divisor of l and u?
8
Let z be -3 + (2 - 57)/(-5). What is the greatest common divisor of 20 and z?
4
Suppose 0 - 8 = -2*p. Let h be (p/(-3))/((-2)/15). Let c = -3 + 43. What is the greatest common divisor of h and c?
10
Let h be (-3)/6 - 94/(-4). Let m = h - 7. Suppose -3*i + 2 = -10. What is the greatest common divisor of m and i?
4
Suppose -3*k - 14 = 25. Let f = 2 - k. What is the highest common divisor of 30 and f?
15
Let t be (-1)/(1/(-12 + 0)). Suppose j + 3*w - 3 = 9, 4*w = -j + 10. Calculate the highest common divisor of t and j.
6
Let y(t) = -t**3 + 3*t**2 - 6*t + 9. Let b be y(2). What is the greatest common factor of b and 4?
1
Let i(w) = w**3 - 5*w**2 + 5*w - 2. Let b be i(4). Suppose b*d + r - 8 = d, r + 28 = 2*d. Calculate the greatest common divisor of 48 and d.
12
Let l be (6/(-4))/(3/(-12)). Calculate the greatest common factor of l and 66.
6
Let j be (-1)/4 + (-5157)/(-36). Calculate the greatest common factor of j and 13.
13
Let u = -5 - -17. Suppose 5*d - 365 - 295 = 0. What is the highest common factor of u and d?
12
Suppose 4*i + 624 = 10*i. What is the highest common divisor of 13 and i?
13
Let o be 6/((-12)/(-5) - 2). What is the highest common factor of o and 255?
15
Suppose -t = -w - 38, -4*t = 5*w - 17 - 90. Calculate the greatest common divisor of 3 and t.
3
Let c(i) = -15*i**2 + 6*i - 13. Let s(x) = -8*x**2 + 3*x - 7. Let a(t) = -6*c(t) + 11*s(t). Let h be a(2). What is the highest common divisor of h and 1?
1
Suppose -3*c + p 